{"id":2,"date":"2014-03-06T15:54:19","date_gmt":"2014-03-06T15:54:19","guid":{"rendered":"http:\/\/valenlystbaathavn.no\/wp\/?page_id=2"},"modified":"2023-03-25T19:05:07","modified_gmt":"2023-03-25T18:05:07","slug":"sample-page","status":"publish","type":"page","link":"https:\/\/valenlystbaathavn.no\/?page_id=2","title":{"rendered":"Om Valen lystb\u00e5thavn"},"content":{"rendered":"<p>Valen Lystb\u00e5thavn er en medlemseid b\u00e5tforening i Bod\u00f8, med 48 b\u00e5tplasser. Havna er en sommerhavn.<\/p>\n<p>Vi holder til innerst inne i R\u00f8nvikleira mot Bur\u00f8ya &#8211; nordvest for det nye anlegget til Bod\u00f8 Havn.<br \/>\nPosisjon: N: 67.29643\u00a0 \u00d8: 014.39188<\/p>\n<p><iframe loading=\"lazy\" style=\"border: 0;\" src=\"https:\/\/www.google.com\/maps\/embed?pb=!1m14!1m12!1m3!1d1999.8106371308957!2d14.389813744488459!3d67.29605836439896!2m3!1f0!2f0!3f0!3m2!1i1024!2i768!4f13.1!5e1!3m2!1sno!2sno!4v1396367588266\" width=\"600\" height=\"450\" frameborder=\"0\"><\/iframe><\/p>\n<p><a href=\"http:\/\/valenlystbaathavn.no\/wp-content\/uploads\/2014\/03\/Bilde-av-brygga-2011.jpg\"><img loading=\"lazy\" decoding=\"async\" class=\"alignnone size-medium wp-image-27\" src=\"http:\/\/valenlystbaathavn.no\/wp-content\/uploads\/2014\/03\/Bilde-av-brygga-2011-300x232.jpg\" alt=\"Bilde av brygga 2011\" width=\"300\" height=\"232\" srcset=\"https:\/\/valenlystbaathavn.no\/wp-content\/uploads\/2014\/03\/Bilde-av-brygga-2011-300x232.jpg 300w, https:\/\/valenlystbaathavn.no\/wp-content\/uploads\/2014\/03\/Bilde-av-brygga-2011-1024x792.jpg 1024w, https:\/\/valenlystbaathavn.no\/wp-content\/uploads\/2014\/03\/Bilde-av-brygga-2011-624x482.jpg 624w\" sizes=\"auto, (max-width: 300px) 100vw, 300px\" \/><\/a> <a href=\"http:\/\/valenlystbaathavn.no\/wp-content\/uploads\/2014\/03\/Bilde-av-brygga.jpg\"><img loading=\"lazy\" decoding=\"async\" class=\"alignnone size-medium wp-image-28\" src=\"http:\/\/valenlystbaathavn.no\/wp-content\/uploads\/2014\/03\/Bilde-av-brygga-224x300.jpg\" alt=\"Bilde av brygga\" width=\"224\" height=\"300\" srcset=\"https:\/\/valenlystbaathavn.no\/wp-content\/uploads\/2014\/03\/Bilde-av-brygga-224x300.jpg 224w, https:\/\/valenlystbaathavn.no\/wp-content\/uploads\/2014\/03\/Bilde-av-brygga.jpg 500w\" sizes=\"auto, (max-width: 224px) 100vw, 224px\" \/><\/a><\/p>\n","protected":false},"excerpt":{"rendered":"<p>Valen Lystb\u00e5thavn er en medlemseid b\u00e5tforening i Bod\u00f8, med 48 b\u00e5tplasser. Havna er en sommerhavn. Vi holder til innerst inne i R\u00f8nvikleira mot Bur\u00f8ya &#8211; nordvest for det nye anlegget til Bod\u00f8 Havn. Posisjon: N: 67.29643\u00a0 \u00d8: 014.39188<\/p>\n","protected":false},"author":1,"featured_media":0,"parent":0,"menu_order":1,"comment_status":"closed","ping_status":"closed","template":"page-templates\/full-width.php","meta":{"footnotes":""},"class_list":["post-2","page","type-page","status-publish","hentry"],"_links":{"self":[{"href":"https:\/\/valenlystbaathavn.no\/index.php?rest_route=\/wp\/v2\/pages\/2","targetHints":{"allow":["GET"]}}],"collection":[{"href":"https:\/\/valenlystbaathavn.no\/index.php?rest_route=\/wp\/v2\/pages"}],"about":[{"href":"https:\/\/valenlystbaathavn.no\/index.php?rest_route=\/wp\/v2\/types\/page"}],"author":[{"embeddable":true,"href":"https:\/\/valenlystbaathavn.no\/index.php?rest_route=\/wp\/v2\/users\/1"}],"replies":[{"embeddable":true,"href":"https:\/\/valenlystbaathavn.no\/index.php?rest_route=%2Fwp%2Fv2%2Fcomments&post=2"}],"version-history":[{"count":9,"href":"https:\/\/valenlystbaathavn.no\/index.php?rest_route=\/wp\/v2\/pages\/2\/revisions"}],"predecessor-version":[{"id":552,"href":"https:\/\/valenlystbaathavn.no\/index.php?rest_route=\/wp\/v2\/pages\/2\/revisions\/552"}],"wp:attachment":[{"href":"https:\/\/valenlystbaathavn.no\/index.php?rest_route=%2Fwp%2Fv2%2Fmedia&parent=2"}],"curies":[{"name":"wp","href":"https:\/\/api.w.org\/{rel}","templated":true}]}}